{"id":580,"date":"2026-01-27T20:19:26","date_gmt":"2026-01-27T17:19:26","guid":{"rendered":"https:\/\/ngndanismanlik.com\/?page_id=580"},"modified":"2026-02-17T14:51:16","modified_gmt":"2026-02-17T11:51:16","slug":"danismanlik","status":"publish","type":"page","link":"https:\/\/ngndanismanlik.com\/?page_id=580","title":{"rendered":"Y\u00d6NET\u0130M DANI\u015eMANLI\u011eI"},"content":{"rendered":"\n<p class=\"has-black-color has-text-color has-link-color has-medium-font-size wp-elements-1bf9aaf20b42ed02ac421c69b988e76a\">Y\u00f6netim dan\u0131\u015fman\u0131, i\u015f yeri performanslar\u0131n\u0131n ve i\u015f s\u00fcre\u00e7lerinin analizlerinin zaman\u0131nda yap\u0131lmas\u0131n\u0131 sa\u011flar. \u015eirketlerde \u00fcretmek ve verimli olmak iki ana unsurdur. Dan\u0131\u015fmanl\u0131k becerisine ve niteliklerine sahip olan y\u00f6netim d\u0131\u015f\u0131 \u00e7al\u0131\u015fanlar sayesinde \u015firket organizasyonunda \u00e7\u00f6z\u00fcm \u00f6nerilerinin geli\u015ftirilmesi ve do\u011fru zamanlarda uygulamalar\u0131n yap\u0131lmas\u0131, y\u00f6netim dan\u0131\u015fman\u0131 taraf\u0131ndan sa\u011flan\u0131r.<\/p>\n\n\n\n<p class=\"has-black-color has-text-color has-link-color has-medium-font-size wp-elements-c7cab8000705abae1109e162090e3523\">NGN Dan\u0131\u015fmanl\u0131k olarak;<\/p>\n\n\n\n<ul class=\"wp-block-list\">\n<li class=\"has-black-color has-text-color has-link-color has-medium-font-size wp-elements-43cf9ff21d00fab573923ab6e2aa9080\">Aile ve \u015eirket \/ Ortakl\u0131k Anayasas\u0131<\/li>\n\n\n\n<li class=\"has-black-color has-text-color has-link-color has-medium-font-size wp-elements-08688063a20e0798ac6aad9ccf7cc6f2\">Y\u00f6netim ve Kurumsal Yap\u0131lanma<\/li>\n\n\n\n<li class=\"has-black-color has-text-color has-link-color has-medium-font-size wp-elements-710151e0998a5f0fbe117cc13db83812\">\u0130nsan Kaynaklar\u0131 Dan\u0131\u015fmanl\u0131\u011f\u0131 (Kurumsal Akademi dahil t\u00fcm s\u00fcre\u00e7ler)<\/li>\n\n\n\n<li class=\"has-black-color has-text-color has-link-color has-medium-font-size wp-elements-234c59a372df2ea460c68ee62121e0f3\">Ekonomi ve Yat\u0131r\u0131m Dan\u0131\u015fmanl\u0131\u011f\u0131<\/li>\n<\/ul>\n\n\n\n<p><\/p>\n\n\n\n<p class=\"has-black-color has-text-color has-link-color has-medium-font-size wp-elements-b862e6d3e92327a82459d1d99caf134f\">alanlar\u0131nda Uzman Dan\u0131\u015fman kadromuz ile hizmet vermekteyiz.<\/p>\n\n\n\n<figure class=\"wp-block-gallery has-nested-images columns-default is-cropped wp-block-gallery-1 is-layout-flex wp-block-gallery-is-layout-flex\">\n<figure class=\"wp-block-image size-large\"><img loading=\"lazy\" decoding=\"async\" width=\"1024\" height=\"377\" data-id=\"688\" src=\"https:\/\/ngndanismanlik.com\/wp-content\/uploads\/2026\/02\/Ekran-Resmi-2026-02-12-17.09.08-1024x377.png\" alt=\"\" class=\"wp-image-688\" srcset=\"https:\/\/ngndanismanlik.com\/wp-content\/uploads\/2026\/02\/Ekran-Resmi-2026-02-12-17.09.08-1024x377.png 1024w, https:\/\/ngndanismanlik.com\/wp-content\/uploads\/2026\/02\/Ekran-Resmi-2026-02-12-17.09.08-300x111.png 300w, https:\/\/ngndanismanlik.com\/wp-content\/uploads\/2026\/02\/Ekran-Resmi-2026-02-12-17.09.08-768x283.png 768w, https:\/\/ngndanismanlik.com\/wp-content\/uploads\/2026\/02\/Ekran-Resmi-2026-02-12-17.09.08-1536x566.png 1536w, https:\/\/ngndanismanlik.com\/wp-content\/uploads\/2026\/02\/Ekran-Resmi-2026-02-12-17.09.08.png 1644w\" sizes=\"auto, (max-width: 1024px) 100vw, 1024px\" \/><\/figure>\n<\/figure>\n\n\n\n<p><\/p>\n\n\n\n<p><\/p>\n\n\n\n<p><\/p>\n\n\n\n<p><\/p>\n\n\n\n<p><\/p>\n\n\n\n<p><\/p>\n","protected":false},"excerpt":{"rendered":"<p>Y\u00f6netim dan\u0131\u015fman\u0131, i\u015f yeri performanslar\u0131n\u0131n ve i\u015f s\u00fcre\u00e7lerinin analizlerinin zaman\u0131nda yap\u0131lmas\u0131n\u0131 sa\u011flar. \u015eirketlerde \u00fcretmek ve verimli olmak iki ana unsurdur. Dan\u0131\u015fmanl\u0131k becerisine ve niteliklerine sahip olan y\u00f6netim d\u0131\u015f\u0131 \u00e7al\u0131\u015fanlar sayesinde \u015firket organizasyonunda \u00e7\u00f6z\u00fcm \u00f6nerilerinin geli\u015ftirilmesi ve do\u011fru zamanlarda uygulamalar\u0131n yap\u0131lmas\u0131, y\u00f6netim dan\u0131\u015fman\u0131 taraf\u0131ndan sa\u011flan\u0131r. NGN Dan\u0131\u015fmanl\u0131k olarak; alanlar\u0131nda Uzman Dan\u0131\u015fman kadromuz ile hizmet vermekteyiz.<\/p>\n","protected":false},"author":1,"featured_media":0,"parent":0,"menu_order":0,"comment_status":"closed","ping_status":"closed","template":"","meta":{"footnotes":""},"class_list":["post-580","page","type-page","status-publish","hentry"],"_links":{"self":[{"href":"https:\/\/ngndanismanlik.com\/index.php?rest_route=\/wp\/v2\/pages\/580","targetHints":{"allow":["GET"]}}],"collection":[{"href":"https:\/\/ngndanismanlik.com\/index.php?rest_route=\/wp\/v2\/pages"}],"about":[{"href":"https:\/\/ngndanismanlik.com\/index.php?rest_route=\/wp\/v2\/types\/page"}],"author":[{"embeddable":true,"href":"https:\/\/ngndanismanlik.com\/index.php?rest_route=\/wp\/v2\/users\/1"}],"replies":[{"embeddable":true,"href":"https:\/\/ngndanismanlik.com\/index.php?rest_route=%2Fwp%2Fv2%2Fcomments&post=580"}],"version-history":[{"count":13,"href":"https:\/\/ngndanismanlik.com\/index.php?rest_route=\/wp\/v2\/pages\/580\/revisions"}],"predecessor-version":[{"id":908,"href":"https:\/\/ngndanismanlik.com\/index.php?rest_route=\/wp\/v2\/pages\/580\/revisions\/908"}],"wp:attachment":[{"href":"https:\/\/ngndanismanlik.com\/index.php?rest_route=%2Fwp%2Fv2%2Fmedia&parent=580"}],"curies":[{"name":"wp","href":"https:\/\/api.w.org\/{rel}","templated":true}]}}