{"id":34,"date":"2023-03-23T17:18:54","date_gmt":"2023-03-23T14:18:54","guid":{"rendered":"https:\/\/ngndanismanlik.com\/?page_id=34"},"modified":"2026-02-15T13:53:44","modified_gmt":"2026-02-15T10:53:44","slug":"iletisim","status":"publish","type":"page","link":"https:\/\/ngndanismanlik.com\/?page_id=34","title":{"rendered":"\u0130LET\u0130\u015e\u0130M"},"content":{"rendered":"\n<p class=\"has-black-color has-text-color has-medium-font-size\"><strong>\u0130leti\u015fim Adresi: <\/strong>Atak\u00f6y 7-8-9-10. K\u0131s\u0131m Y\u00fcz\u00fcc\u00fc Talat Y\u00fczmen Sok. Olimpiyat Sitesi D9A Blok D6  Atak\u00f6y-\u0130stanbul<\/p>\n\n\n\n<p class=\"has-black-color has-text-color has-medium-font-size\"><strong>Mobil:<\/strong> 0507 767 5563 &#8211; 0549 562 3456<\/p>\n\n\n\n<p class=\"has-black-color has-text-color has-medium-font-size\"><strong>e-posta:<\/strong> info@ngndanismanlik.com<\/p>\n\n\n\n<figure class=\"wp-block-image size-full\"><img loading=\"lazy\" decoding=\"async\" width=\"61\" height=\"62\" src=\"http:\/\/ngndanismanlik.com\/wp-content\/uploads\/2023\/04\/Ekran-Resmi-2023-04-03-13.24.56.png\" alt=\"\" class=\"wp-image-293\"\/><\/figure>\n\n\n\n<p>linkedin.com\/in\/engin-keskinel-325362a<\/p>\n\n\n\n<p>linkedin.com\/in\/ngn-danismanlik-aa349526b<\/p>\n","protected":false},"excerpt":{"rendered":"<p>\u0130leti\u015fim Adresi: Atak\u00f6y 7-8-9-10. K\u0131s\u0131m Y\u00fcz\u00fcc\u00fc Talat Y\u00fczmen Sok. Olimpiyat Sitesi D9A Blok D6 Atak\u00f6y-\u0130stanbul Mobil: 0507 767 5563 &#8211; 0549 562 3456 e-posta: info@ngndanismanlik.com linkedin.com\/in\/engin-keskinel-325362a linkedin.com\/in\/ngn-danismanlik-aa349526b<\/p>\n","protected":false},"author":1,"featured_media":0,"parent":0,"menu_order":0,"comment_status":"closed","ping_status":"closed","template":"","meta":{"footnotes":""},"class_list":["post-34","page","type-page","status-publish","hentry"],"_links":{"self":[{"href":"https:\/\/ngndanismanlik.com\/index.php?rest_route=\/wp\/v2\/pages\/34","targetHints":{"allow":["GET"]}}],"collection":[{"href":"https:\/\/ngndanismanlik.com\/index.php?rest_route=\/wp\/v2\/pages"}],"about":[{"href":"https:\/\/ngndanismanlik.com\/index.php?rest_route=\/wp\/v2\/types\/page"}],"author":[{"embeddable":true,"href":"https:\/\/ngndanismanlik.com\/index.php?rest_route=\/wp\/v2\/users\/1"}],"replies":[{"embeddable":true,"href":"https:\/\/ngndanismanlik.com\/index.php?rest_route=%2Fwp%2Fv2%2Fcomments&post=34"}],"version-history":[{"count":15,"href":"https:\/\/ngndanismanlik.com\/index.php?rest_route=\/wp\/v2\/pages\/34\/revisions"}],"predecessor-version":[{"id":822,"href":"https:\/\/ngndanismanlik.com\/index.php?rest_route=\/wp\/v2\/pages\/34\/revisions\/822"}],"wp:attachment":[{"href":"https:\/\/ngndanismanlik.com\/index.php?rest_route=%2Fwp%2Fv2%2Fmedia&parent=34"}],"curies":[{"name":"wp","href":"https:\/\/api.w.org\/{rel}","templated":true}]}}